e of 261?
True
Does 10 divide 51174180?
True
Is 158 a factor of 8875502?
False
Does 262 divide 280461044?
True
Does 4996 divide 362894452?
True
Is 519 a factor of 824819038?
False
Is 833 a factor of 312373334?
True
Does 33 divide 8969829?
True
Does 27 divide 256849192?
False
Is 10 a factor of 454612300?
True
Is 764 a factor of 656625042?
False
Is 19215108 a multiple of 52?
False
Does 64 divide 64882880?
True
Is 248 a factor of 5825272?
True
Does 1344 divide 8011584?
True
Is 924 a factor of 498994188?
True
Is 74 a factor of 428272177?
False
Is 1281967438 a multiple of 208?
False
Does 269 divide 277825052?
False
Is 26 a factor of 57135165?
False
Does 15 divide 2579843540?
False
Is 39 a factor of 329617415?
False
Does 124 divide 36414088?
True
Does 19 divide 14070393?
True
Is 1182897 a multiple of 11?
False
Is 2 a factor of 53897442?
True
Does 871 divide 386525412?
True
Does 3 divide 37866475?
False
Is 269 a factor of 94698760?
True
Is 61862 even?
True
Does 118 divide 15913286?
False
Is 18 a factor of 8395209?
False
Does 375 divide 59897938?
False
Is 114603345 a multiple of 19?
True
Is 27485096 a multiple of 28?
False
Does 18 divide 14217062?
False
Does 7748 divide 3121157611?
False
Is 10 a factor of 4757910?
True
Does 155 divide 690038765?
True
Does 4470 divide 247848140?
False
Is 1820 a factor of 470055040?
True
Does 37 divide 999129648?
True
Does 19 divide 107646625?
False
Is 9352326 a multiple of 3?
True
Is 44863901 a multiple of 17?
True
Does 329 divide 11178151?
False
Is 56148880 a multiple of 80?
True
Does 72 divide 4999148?
False
Does 86 divide 193751636?
True
Does 802 divide 13345280?
True
Is 228604243 a multiple of 623?
True
Is 132658344 a multiple of 1191?
True
Is 85694302 a multiple of 142?
True
Is 3099336 a multiple of 29?
False
Does 10 divide 456511300?
True
Is 988 a factor of 470929675?
False
Is 65 a factor of 573008800?
True
Is 12 a factor of 47086668?
True
Is 54 a factor of 94298632?
False
Is 448 a factor of 902556279?
False
Is 284112679 a multiple of 504?
False
Does 154 divide 432978392?
True
Does 277 divide 712884153?
True
Is 77640854 a multiple of 4262?
True
Is 58919631 a multiple of 3810?
False
Does 8 divide 56586571?
False
Is 342 a factor of 70200972?
True
Does 393 divide 51760851?
True
Is 221172072 a multiple of 4?
True
Does 320 divide 11248397?
False
Does 88 divide 279147247?
False
Does 750 divide 28905750?
True
Does 52 divide 38730276?
True
Is 48 a factor of 25131682?
False
Does 133 divide 20043898?
True
Is 545107224 a multiple of 6417?
False
Is 10007612 a multiple of 148?
True
Is 2329404675 a multiple of 25?
True
Is 175060027 a multiple of 4444?
False
Does 6 divide 77992512?
True
Is 823 a factor of 1246260670?
True
Does 8 divide 2480064491?
False
Is 16 a factor of 43799120?
True
Is 5 a factor of 61737543?
False
Does 235 divide 374824060?
True
Does 101 divide 224368070?
False
Does 338 divide 12736431?
False
Is 59795455 a multiple of 2?
False
Does 10 divide 144942900?
True
Does 603 divide 329390559?
True
Does 85 divide 4917165?
True
Is 43 a factor of 39721426?
False
Is 212 a factor of 323622259?
False
Is 445032766 a multiple of 118?
False
Is 622385400 a multiple of 11083?
False
Does 55 divide 16072134?
False
Does 9 divide 2905934967?
True
Is 2231 a factor of 417571808?
True
Is 20 a factor of 210538?
False
Does 22 divide 229378534?
True
Is 58429956 a multiple of 636?
True
Is 5296255 a multiple of 34?
False
Does 2146 divide 96595752?
True
Does 610 divide 3757817999?
False
Does 217 divide 4321338?
True
Does 131 divide 85436?
False
Does 105 divide 149032380?
True
Is 4 a factor of 109390004?
True
Is 93063989 a multiple of 632?
False
Does 24 divide 158969520?
True
Is 1598206102 a multiple of 17?
False
Does 795 divide 1335168138?
False
Is 3883079364 a multiple of 12?
True
Is 68231090 a multiple of 38?
True
Does 16 divide 705131315?
False
Does 49 divide 17760893?
False
Does 62 divide 5703534?
False
Is 763045992 a multiple of 72?
True
Is 197877692 a multiple of 3101?
False
Does 184 divide 12917668?
False
Is 9157866 a multiple of 17?
True
Is 87 a factor of 111051324?
True
Does 4449 divide 1360357383?
True
Is 5 a factor of 10780330?
True
Does 217 divide 552428968?
False
Is 2998143157 a multiple of 148?
False
Is 12 a factor of 5133063?
False
Is 56 a factor of 284382821?
False
Is 9513880 a multiple of 727?
False
Is 11516333 a multiple of 55?
False
Does 140 divide 111010044?
False
Is 44 a factor of 440120824?
True
Is 294007650 a multiple of 150?
True
Is 158112401 a multiple of 51?
False
Is 672723480 a multiple of 24?
True
Is 2 a factor of 1321085?
False
Is 363364257 a multiple of 295?
False
Is 13 a factor of 92329965?
True
Is 29 a factor of 1459512?
True
Does 121 divide 56886452?
False
Is 7192017 a multiple of 793?
False
Is 11 a factor of 2115761?
False
Is 202 a factor of 121226664?
True
Is 384 a factor of 33950592?
True
Is 157923164 a multiple of 7591?
True
Is 220 a factor of 56771509?
False
Is 644 a factor of 187449080?
True
Is 30 a factor of 22268820?
True
Does 394 divide 79313382?
True
Does 115 divide 1187510661?
False
Is 32 a factor of 13069964?
False
Is 218 a factor of 175281592?
True
Is 118 a factor of 3511605612?
False
Is 7 a factor of 122465705?
False
Does 126 divide 276984605?
False
Is 909670365 a multiple of 15?
True
Is 6 a factor of 534652326?
True
Does 539 divide 1984598?
True
Is 181022136 a multiple of 244?
True
Is 239280036 a multiple of 3569?
True
Does 248 divide 182443683?
False
Does 8 divide 327643160?
True
Does 30 divide 94632337?
False
Is 9 a factor of 590034564?
True
Is 261960162 a multiple of 899?
False
Is 1349074600 a multiple of 6?
False
Is 571248624 a multiple of 74?
True
Is 121 a factor of 2359029213?
False
Does 21 divide 15214584?
True
Is 83952603 a multiple of 891?
False
Does 29 divide 41759541?
False
Is 3231472453 a multiple of 11?
True
Is 7645 a factor of 2232263550?
True
Is 19821456 a multiple of 153?
True
Does 102 divide 380741894?
False
Does 67 divide 3619915?
False
Is 110639407 a multiple of 1615?
False
Is 9 a factor of 73449357?
False
Does 6721 divide 347980151?
False
Does 3 divide 572455308?
True
Does 2 divide 35680459?
False
Does 25 divide 11287498?
False
Does 33 divide 11668767?
True
Is 192509569 a multiple of 7?
True
Is 7746039 a multiple of 21?
True
Is 225619873 a multiple of 130?
False
Is 1828075698 a multiple of 13098?
False
Is 2125289208 a multiple of 5987?
True
Does 7 divide 19127889?
False
Does 32 divide 2321493952?
True
Does 86 divide 21116182?
True
Is 437614973 a multiple of 11779?
False
Is 153 a factor of 15161535?
True
Is 44 a factor of 9212588?
True
Is 1880 a factor of 5577960?
True
Is 134 a factor of 61644288?
True
Is 325095222 a multiple of 258?
True
Does 69 divide 205502688?
False
Is 626 a factor of 64852348?
True
Is 12 a factor of 14837652?
True
Is 479880030 a multiple of 30?
True
Is 68 a factor of 166612784?
True
Does 976 divide 811673223?
False
Is 1607 a factor of 515893603?
True
Is 7809567 a multiple of 273?
False
Is 564274163 a multiple of 2392?
False
Is 11650691 a multiple of 191?
False
Is 8 a factor of 9200085?
False
Is 59611750 a multiple of 265?
True
Is 4715448 a multiple of 96?
False
Does 3 divide 92860661?
False
Does 1343 divide 6925977?
False
Is 338691150 a multiple of 22?
False
Is 3 a factor of 138329043?
True
Does 57 divide 399080598?
True
Is 8151130 a multiple of 5?
True
Is 602 a factor of 34050926?
True
Does 34 divide 50817896?
True
Is 1915112133 a multiple of 363?
True
Is 168 a factor of 19125038?
False
Is 192 a factor of 12753792?
True
Is 1696 a factor of 696809248?
False
Does 353 divide 4912552?
False
Does 146 divide 913044714?
False
Is 195013728 a multiple of 117?
True
Does 25 divide 22542875?
True
Is 1854777 a multiple of 2?
False
Does 35 divide 9032310?
True
Is 27 a factor of 2129185467?
True
Does 69 divide 4563823?
False
Is 8 a factor of 10856319?
False
Does 3 divide 32773888?
False
Is 286189893 a multiple of 1193?
False
Is 712483653 a multiple of 78?
False
Does 96 divide 1198920768?
True
Is 260529736 a multiple of 6755?
False
Is 1111 a factor of 512149033?
False
Does 380 divide 8271080?
True
Is 26 a factor of 227026540?
True
Is 45 a factor of 18886003?
False
Is 2 a factor of 502280658?
True
Is 611041632 a multiple of 2942?
True
Does 407 divide 56254933?
Fa